digit of (-2 + w/2)*13?
1
Let p be (-10)/5 + 1*2. Let w be (2 - p)/(-2 - -4). Let j = 1 + w. What is the units digit of j?
2
Let v be 6*2/(-4)*3. Let x = 16 + v. What is the units digit of x?
7
Let s(d) = -d**2 + 7*d - 1. Let u be s(6). Suppose 4*b = -u*k + 46, 6*b = -5*k + 3*b + 47. What is the units digit of k?
0
Let k = 12 + -12. Suppose -14 + k = -q. What is the units digit of q?
4
Suppose -2*m = -2*d + m + 128, 3*m - 46 = -d. What is the tens digit of d?
5
Suppose 0*y = -5*f + 2*y + 110, 2*f = -4*y + 68. What is the units digit of f?
4
What is the units digit of ((-18)/(-27))/(4/282)?
7
Suppose -4*s = -839 + 35. What is the units digit of s?
1
Let o(d) = 13*d**3 + 4*d**2 - d - 3. Let v(g) = -g**3 - g**2 + 1. Let n(k) = o(k) + 4*v(k). What is the units digit of n(1)?
9
Let x(p) = -p**3 + 2*p**2 + p - 2. Let q = -1 + 4. Let g be x(q). Let j = g + 12. What is the units digit of j?
4
Suppose 2*w - 3*g - 6 = 0, w - 6 = 3*g - 3. Suppose v = 4*v + 3. What is the units digit of (v/w)/(2/(-18))?
3
Suppose 29 = 4*z - 3. Suppose 0 = -2*x - 4*n + z, -4*x + n + n = -46. What is the units digit of x?
0
Suppose -26*d = -23*d - 144. What is the tens digit of d?
4
Let f be 4/6 - (-8)/6. Let c be 70/6 - f/(-6). What is the units digit of c/(-54) + (-22)/(-18)?
1
Let y = 21 + -13. Let l = 8 - y. Suppose l = -3*n - 3*v + 42, -n - v + 6*v = -2. What is the units digit of n?
2
Suppose 3*n + 229 = 2*k, 3*n + 10 = 1. What is the hundreds digit of k?
1
Suppose 0 = f + 5*v + 18, -8*f + 30 = -3*f + v. What is the units digit of f?
7
Suppose 47 = -3*t - o, 0*t = 2*t + 5*o + 40. Let y = 5 - t. What is the units digit of y?
0
Let d be (-78)/(-21) + (-4)/(-14). Suppose -3*n + 9 = 2*k, d*k - n = -0*k + 53. What is the tens digit of k?
1
Let v(p) = 5*p**3 - p**2 + 3*p - 7. Let b be v(3). Let o = b + -76. What is the units digit of o?
2
Let q = 12 - 13. Let u = 13 + q. What is the tens digit of u?
1
Let r = 43 + -92. Let b = -32 - r. What is the units digit of b?
7
Let q(j) = -3*j. Let s be q(1). Let n be (-1 + -10)/(s + 2). Let i = -8 + n. What is the units digit of i?
3
Let x = -4 - -9. Suppose 2*k - 9 = -3*t, 5*t = 15 - 0. Suppose 18 = x*i + 2*q, k*i = 3*i + 3*q - 18. What is the units digit of i?
2
Let b = -1 + 6. Suppose 3*z + 16 = 7*z, 5*c - b*z = -20. Suppose -f + 1 + 4 = c. What is the units digit of f?
5
Suppose -1 = -5*b + 4*b. Let l be (6/b)/(-1 + -1). What is the units digit of ((-26)/4 + l)*-2?
9
Suppose 12 = -5*h + 52. What is the units digit of (h/10)/(6/15)?
2
Let n = 11 + -7. What is the units digit of n?
4
Suppose -5*r - x = -2*r - 13, -5*r = -5*x - 55. Let u be 116/r + (-3)/9. Suppose -u = -3*f + 5. What is the units digit of f?
8
Let d(j) = j + 3. Let q be d(0). Suppose 0*n - q*n + 6 = 0. What is the units digit of n?
2
Let v = -1 - -5. Suppose 0 = 5*y + 3*m - 264 - v, m + 228 = 4*y. What is the units digit of 3/(-1) + y/4?
1
Let c = 188 - 108. What is the units digit of c?
0
Let y be 4/5*(2 - 7). What is the units digit of ((-3)/y)/((-2)/(-8))?
3
Suppose -7*u = -266 - 854. What is the hundreds digit of u?
1
Let a = 3 + -1. What is the units digit of (-4)/6*(-3)/a?
1
Let y(g) = 7*g**2 - 3*g. Let r be y(3). Suppose -2*l = -r + 18. What is the units digit of 40/l + 4/(-18)?
2
Let n(k) = -4*k**3 + k. Let y(v) = v**2 + 6*v + 2. Let l be y(-5). Let a be (10/15)/(2/l). What is the units digit of n(a)?
3
Let l(a) = a - 5. Suppose 0 = g - 4*x + 6 + 2, 2*x - 48 = -5*g. Let n be l(g). Suppose 5*d + 6*s = s + 90, 0 = n*d + s - 50. What is the tens digit of d?
1
Let v be (2 + (2 - 5))*-1. Let j be (v/(-3))/((-3)/9). Suppose -3*t + 2*t = -j. What is the units digit of t?
1
Suppose b = 2*b + 5*t - 27, 4*t - 20 = 0. Suppose -p + b = -1. What is the units digit of p?
3
Suppose 93 + 23 = 4*n. Let h = 0 - 12. Let x = n + h. What is the units digit of x?
7
Suppose 4*x - 208 = 4*a, -x - a = -6*x + 276. What is the tens digit of x?
5
Suppose 0 = -2*a + d + 16, a - 26 = 5*d. What is the units digit of -12*(-3)/a*1?
6
What is the tens digit of ((-70)/(-14))/(2/26)?
6
Suppose 5*o + d + 34 = -2*d, 3*o - 2*d + 9 = 0. Let m = 7 + o. What is the units digit of m?
2
Let u be (-4)/14 + 331/7. Let q = 74 - u. What is the units digit of q?
7
Let h = 221 - 140. What is the units digit of h?
1
Suppose 4*n = -9 - 11. Suppose 12 - 1 = b. Let x = n + b. What is the units digit of x?
6
Let b = 13 + -9. Suppose -4*i + 20 = -4*c, -5*c = b*i + 13 + 57. Let x = c - -18. What is the units digit of x?
8
Let n(w) = -21*w - 1. Let y be n(-1). Let r(h) = -h**2 - h. Let l be r(-1). Suppose -3*p - p + y = l. What is the units digit of p?
5
Suppose 2784 = 5*m + 3*a, -2*a = -4*m - 0*m + 2214. Suppose -3*d = -5*p + m, -3*d + 4*d + 221 = 2*p. What is the tens digit of (-4)/(-22) - p/(-11)?
1
Let g = 63 + 32. What is the tens digit of g?
9
Let q(t) = -t**2 + 7*t - 7. Let x be q(5). What is the tens digit of ((-2)/x)/(6/(-99))?
1
Suppose 2*t = -0*t - 132. What is the tens digit of (3/((-9)/t))/2?
1
Let j(p) = -3*p + 3. Let g be j(-6). Let w = g + 2. What is the units digit of w?
3
Suppose 0 = -2*u + z + 3, z + z = 3*u - 4. Let s = 20 + u. What is the tens digit of s?
2
Let i = -230 + 56. Let t be i/(-21) - (-2)/(-7). Let j = t + 1. What is the units digit of j?
9
Suppose 0 = 2*g - 2*a - 2*a - 4, -4*g - 3*a = -8. Let s(v) = 4*v + 1. What is the units digit of s(g)?
9
Let v(o) = 3*o + 9. What is the tens digit of v(7)?
3
What is the units digit of 24/(-60) + 82/5?
6
Suppose -6*c = -2*c. Suppose 4*y - 9*y - 2*x + 135 = c, 3*x = -5*y + 130. What is the units digit of y?
9
Let h be -2 - (-24 + 2 + -2). Let l = h - 7. What is the tens digit of l?
1
Let m(p) = 0*p**2 + 1 - p**2 - p**2 - p + 9*p**3 + p**2. What is the units digit of m(1)?
8
Suppose 0*p - 18 = -4*p + 5*k, -3*p + k + 8 = 0. Let z(h) = -4*h + 4*h**p + 1 - 1 + 3*h + h**3. What is the units digit of z(-4)?
4
Let s = 62 + -36. What is the units digit of s?
6
Let x(c) = 18*c**2 - 2. What is the tens digit of x(-4)?
8
Suppose -2*x + 14 = 12. Suppose 3*f + 9 = 0, -j - 5*f - x = -7. What is the units digit of j?
1
Let n = -20 + 64. What is the tens digit of n?
4
Let g be 16/7 - (-8)/(-28). Suppose 2*f = j + 1, 15 = -g*j - 5*f + 49. What is the units digit of j?
7
Suppose -3*f - 4*g = -34, 4*f + 0*g = g + 77. What is the tens digit of f?
1
Let g be (-5)/(-2*(-2)/12). What is the tens digit of 0 + (-2 - 0) - g?
1
Let r(i) = -9*i**3 + i. Let k be r(-1). Suppose -k = -a - 0*a + 5*h, 5*a + 2*h - 13 = 0. What is the units digit of a?
3
What is the tens digit of (12/16)/((-1)/(-28))?
2
Suppose 0*w - w = -5*j + 7, 0 = 4*j - 5*w + 7. Suppose j*v + 2 = 4*v. What is the units digit of v?
1
Suppose -9*u = 4*u - 2730. What is the hundreds digit of u?
2
Suppose 1 + 5 = 2*v. Suppose -5*j - 11 = -y + 28, -5*j = -v*y + 67. What is the units digit of (-68)/(-7) - (-4)/y?
0
Suppose 4*f + v + 47 = f, -5*v = -5*f - 85. What is the tens digit of -1 - (3 + -3) - f?
1
Let i(h) = h**3 + 7*h**2 - 7*h - 4. What is the tens digit of i(-7)?
4
Let v be 10/(-3) + (-2)/(-6). Let c = v + 9. What is the units digit of c?
6
Let n be 0/(-2) - (-18)/(-3). Let k be 26/n - 2/(-6). Let r = 10 + k. What is the units digit of r?
6
What is the units digit of (-2 + (-6)/(-4))*-14?
7
Let q = 1 - 4. Let w(o) = o**3 + 5*o**2 + 3*o - 2. Let k be w(q). Let u = -1 + k. What is the units digit of u?
6
Suppose -4*p + 313 + 287 = -4*t, 3*p - 464 = -4*t. Suppose p = 4*l + 8. What is the units digit of l?
6
Let n(d) = -d - 1. Let j(g) = -5*g - 1. Let s(q) = j(q) - 6*n(q). Suppose 0*x - 5 = -x. What is the tens digit of s(x)?
1
Let p(m) = m**3 + 6*m**2 + 4*m + 4. Let y be p(-6). Let b = -1 - y. What is the units digit of b?
9
Let n = -3 - -4. Let x be -1 + 1 + n*25. Suppose -3*f = -4*f - 2*v + 16, -v = -5*f + x. What is the units digit of f?
6
Suppose 83 = 2*t + 11. Suppose 2*z - 2*h + 4*h - t = 0, 2*h = -4*z + 72. What is the tens digit of z?
1
Let i = -89 - -292. What is the tens digit of i?
0
Suppose -4 = -2*a, -3*x - a = -47 + 9. Let m be (-1)/(-3) - (-212)/x. Suppose -22 - m = -5*n. What is the units digit of n?
8
Let p(t) = -10*t - 9. Let f be p(-6). Suppose 2*n - r + 2 = 29, 4*n - 3*r - f = 0. What is the tens digit of n?
1
Suppose -4*h + 164 = 4*k, 2*h + 0*h = -4*k + 156. What is the tens digit of k